84*s = -89*s - 2*x + 275. Calculate the greatest common factor of s and 19.
19
Let w be (-2 - (1 - (-12)/(-3))) + 70. Let v = -50 + w. Suppose 4*u = -2*u + 126. What is the greatest common factor of u and v?
21
Let a(s) = -44*s - 392. Let d be a(-18). What is the highest common factor of d and 16?
16
Let i(w) = -6*w**2 + 41*w + 9. Let v be i(7). Suppose -2*m - 1 = 3*y + 6, 5*m = -v*y - 1. Calculate the highest common divisor of m and 67.
1
Let w(z) = 15*z**2 + 6*z. Let r(v) = 13*v**2 + 7*v. Let b(t) = -7*r(t) + 6*w(t). Let x be b(-12). Calculate the greatest common divisor of 132 and x.
12
Suppose 6*j = j. Suppose -p - 3*p - 4 = j, 471 = 5*y + 4*p. Suppose 140*l - 532 = 126*l. Calculate the highest common factor of l and y.
19
Let d = -44 + 99. Let i(u) = -8*u**2 + 13*u. Let z = 121 - 120. Let q be i(z). What is the greatest common factor of q and d?
5
Let l = -64 + 93. Let r be -17 - 710*32/(-40). What is the highest common divisor of r and l?
29
Let a be (-4)/6*(-1818)/4. Suppose 4*g + 39 + 40 = 91. What is the highest common divisor of a and g?
3
Let d = 209 + -195. Suppose -b - 277 = -4*x, 5*b + 333 = 4*x + 68. Suppose 7*a - 2*a + c = x, 3*c + 70 = 5*a. What is the highest common factor of d and a?
14
Let y(i) = -10*i - 85. Let r be y(-8). Let x(v) = -9 + 117*v - 124*v - 14. Let t be x(r). Calculate the highest common factor of t and 6.
6
Let d be 699/33 + (-4)/22. Let q = d - 21. Suppose 3*w + 3*h - 366 = q, -2*w = -5*w + 5*h + 342. What is the highest common factor of 17 and w?
17
Let a(h) = -3*h - 44. Let t be a(-16). Suppose -t*y - 5*w = -289, -481 + 146 = -5*y - w. Calculate the greatest common divisor of 88 and y.
22
Suppose 65*a - 1220 = -554 + 1024. Calculate the highest common factor of a and 10608.
26
Let z(j) = -52*j - 418. Let q be z(-8). Let y be -2*(12673/(-95) - q/(-20)). Calculate the greatest common divisor of y and 178.
89
Suppose -50 = -2*b - 4*g, 4*b + 5*g - 89 = 11. Let n = 481 + -306. What is the greatest common divisor of n and b?
25
Let x be (-426)/4*(-47 + -18 + 11). Calculate the greatest common factor of 1704 and x.
213
Let y = -3101 + 5621. Suppose -25*n + y = -13*n. Calculate the highest common factor of n and 112.
14
Let t = -612 + 405. Let j = t - -234. Calculate the greatest common divisor of 171 and j.
9
Let t be 17 - ((-5)/(-1) + -2028). Calculate the highest common divisor of t and 168.
24
Suppose w - 130 = -5*z, -332 = -5*w - 5*z + 338. Suppose 15*n - 10*n - 135 = 0. Calculate the greatest common divisor of w and n.
27
Suppose 0 = -2*k - 0*k - 2*d + 4, 20 = -4*d. Suppose -t - 10 = -4*p, -k + 2 = -4*t + p. Suppose o + 56 = t*o. What is the highest common factor of o and 14?
14
Let p be (1 - 0 - 2)/(8/1064). Let t = p + 285. What is the highest common factor of 57 and t?
19
Suppose -3*f + 8 = 2*f + 3*s, 3*f = s + 2. Let m = -21 + 20. Let c be f/3*(38 - m). What is the highest common factor of c and 143?
13
Let n = -25 + 27. Let x(t) = 22*t + 2. Let z be x(n). Suppose -3*u - 31 = -2*k, 2*k - 2*u = -4*u + z. Calculate the greatest common factor of 30 and k.
10
Let h(k) = -k**3 - 31*k**2 - 86*k + 57. Let b be h(-28). Suppose 3*i - c - 98 = 69, 2*i - c - b = 0. What is the highest common divisor of 90 and i?
18
Let u = 63 + -62. Let h(o) = 162*o**2 - 2*o + 3. Let g be h(u). Suppose -w + g = -68. Calculate the greatest common divisor of 21 and w.
21
Let u be (1*-9)/(9/42). Let s(x) = -x**3 + 27*x**2 - 27*x - 33. Let y be s(26). Let t = u - y. Calculate the greatest common divisor of 85 and t.
17
Suppose 240*x - 158*x + 4163 = 47131. Calculate the highest common divisor of 6 and x.
2
Let w be (-4990)/(-22) + (364/143)/14. Let v = w + -176. What is the greatest common factor of v and 51?
51
Let d(l) = -49*l + 206. Let p be d(4). What is the greatest common divisor of p and 90?
10
Let h be 39/6 - (-1)/2. Let m be ((-6)/h)/(24/(-112)). Suppose 5*g = -m + 144. What is the greatest common factor of 4 and g?
4
Suppose -15*d - 20*d + 113978 = 8068. What is the greatest common factor of 34 and d?
34
Let x be (-146)/6*2*(-2448)/(-17). Let z be (1*1/(-2))/(12/x). Let u = z - 208. Calculate the greatest common divisor of u and 210.
42
Suppose 2*s - 3*a = -26, -3*s - 12 = 3*a + 57. Let r = s - -106. Suppose -4*n + 0*n = y - 121, 2*y = 10. Calculate the highest common factor of r and n.
29
Suppose 0 = -4*l - l - 5255. Let d = -493 - l. What is the highest common divisor of 18 and d?
18
Let v = 68 - 72. Let x be (10/4)/(v/(-8)). Suppose 15 = 2*u - 75. What is the highest common divisor of u and x?
5
Let p = -120 + 280. Let c be (14 + 0)/(-5 + 8 + -1). Suppose c*o - 9 - 131 = 0. Calculate the greatest common divisor of o and p.
20
Let i be -3 - -11*(-10)/(-2). Let j = i + -34. Let s(r) = 10*r**2 - 10*r - 2. Let w be s(-4). What is the greatest common divisor of w and j?
18
Let r = 16411 - 16353. What is the highest common factor of r and 2813?
29
Suppose -2*j = -7*n - 1079 - 464, 4*n - 719 = -j. What is the greatest common factor of j and 36?
9
Let z be 24*51/((-3213)/(-168)). Let k be (4/(-5))/(2/(-40)). Calculate the greatest common factor of z and k.
16
Let w be (-218)/(-4)*(-91 - -101). Let a be w + (20*-1)/(-4) + -4. What is the greatest common factor of a and 26?
26
Let w(y) = 384*y**3 - 9*y**2 + 71*y - 147. Let g be w(3). What is the greatest common divisor of g and 102?
51
Suppose -15*q + 8*q = -63. Let l = 79 + q. Calculate the highest common factor of 24 and l.
8
Let h = 507 + 121. Let i = h - 621. What is the greatest common divisor of 203 and i?
7
Suppose -2*r + 12158 = 2*w, 2*r - 12077 - 18330 = -5*w. What is the greatest common divisor of w and 77?
77
Suppose -3*p + 927 = 4*z, 82*p - 80*p = -3*z + 696. Calculate the highest common factor of z and 72.
18
Let y = -44641 + 44642. Let g = -3 + 6. What is the greatest common factor of g and y?
1
Let f be 0*(-7)/154 + 1 + 7055. Calculate the greatest common factor of f and 144.
144
Let s = 946 - 904. Suppose x - 40 = -4*x. Let q = s + x. What is the greatest common divisor of q and 10?
10
Suppose 37*p - 38*p = 0. Suppose t - 14 = -0*t + 4*b, p = -5*b + 20. Suppose -195*v = -196*v + 210. Calculate the greatest common divisor of v and t.
30
Let b = -212 + 208. Let m(o) = 17*o + 70. Let w be m(b). What is the greatest common divisor of w and 8?
2
Let c be ((-18)/(-24) + 60/80)/((-1)/(-2)). Calculate the highest common divisor of 23 and c.
1
Suppose 0 = 5*n + z - 321, 3*n - 21 - 170 = -z. Suppose 0 = -2*f + n + 135. Let u be (1 + -17)*35/(-14). Calculate the highest common factor of f and u.
20
Suppose 0 = h - 4*a - 190, -5*h - 4*a + 432 = -494. Calculate the highest common factor of h and 60.
6
Suppose -q + 43 = c, 0 = -2*q + q - 1. Suppose c = 2*v + 4*u, 26 + 3 = 2*v - u. What is the greatest common factor of v and 136?
8
Let l = -3 - -9. Suppose -5*t - 3*t + 4*t = 0. Suppose t = -2*j + 177 - 45. What is the greatest common divisor of l and j?
6
Suppose 0 = -5*a + 7*a - 56. Suppose -2*l - 5*u - 67 = -a, 1 = u. Let q = l - -50. Calculate the highest common divisor of 7 and q.
7
Let f = 42 + -40. Let n = f - -48. Suppose 0 = n*u - 49*u - 11. Calculate the greatest common factor of 1 and u.
1
Let l be 6 + (-30)/5 - 10. Let v be (8/6)/(((-120)/522)/l). What is the greatest common divisor of v and 145?
29
Let o = 2594 - 147. Suppose -32*d - o + 9263 = 0. Calculate the highest common factor of d and 3.
3
Suppose 4*l + 109 = -t + 4*t, 0 = 4*t - 4*l - 152. Let z = 29 + t. Calculate the greatest common divisor of 48 and z.
24
Let l(d) = 45*d + 2. Let y be l(4). Let v be 1/(-14)*-7 + (-2)/4. Suppose -4*a + 104 = -v*a. What is the greatest common divisor of a and y?
26
Let j(a) = 24*a - 1029. Let u be j(56). What is the greatest common divisor of 1197 and u?
63
Let o(m) = 204*m**2 + 12*m + 22. Suppose 0 = -d - 288 + 286. Let r be o(d). What is the highest common factor of r and 74?
74
Suppose -94*d + 930 = -88*d. Let z = 86 + -76. What is the highest common factor of z and d?
5
Let f be 15 + (-3 - 5) + 60. Let u be 1/(f/(-600) - 2/(-16)). Let n = 5 - 0. Calculate the greatest common divisor of u and n.
5
Let w = -1850 + 1852. Suppose -3*k - 4*l + l = -36, -4*l = k - 21. Let z be 0 + (3/k)/(w/12). What is the greatest common factor of z and 14?
2
Let n(w) = 2*w**3 - 71*w**2 + 1